ided by 59.
41
What is the remainder when 97 is divided by 20?
17
What is the remainder when 581 is divided by 53?
51
Calculate the remainder when 6589 is divided by 169.
167
Calculate the remainder when 283 is divided by 61.
39
What is the remainder when 966 is divided by 57?
54
What is the remainder when 37 is divided by 22?
15
Calculate the remainder when 109 is divided by 8.
5
Calculate the remainder when 179 is divided by 65.
49
Calculate the remainder when 555 is divided by 49.
16
Calculate the remainder when 693 is divided by 146.
109
Calculate the remainder when 180 is divided by 50.
30
Calculate the remainder when 1934 is divided by 44.
42
Calculate the remainder when 130 is divided by 22.
20
What is the remainder when 966 is divided by 149?
72
Calculate the remainder when 13486 is divided by 19.
15
What is the remainder when 52 is divided by 20?
12
What is the remainder when 74 is divided by 22?
8
What is the remainder when 455 is divided by 143?
26
What is the remainder when 367 is divided by 9?
7
Calculate the remainder when 839 is divided by 125.
89
What is the remainder when 42 is divided by 12?
6
Calculate the remainder when 2003 is divided by 228.
179
What is the remainder when 116 is divided by 68?
48
What is the remainder when 1058 is divided by 3?
2
Calculate the remainder when 1252 is divided by 1245.
7
What is the remainder when 263 is divided by 21?
11
What is the remainder when 8189 is divided by 2728?
5
Calculate the remainder when 5170 is divided by 12.
10
What is the remainder when 573 is divided by 29?
22
What is the remainder when 1038 is divided by 26?
24
What is the remainder when 3645 is divided by 87?
78
Calculate the remainder when 32689 is divided by 70.
69
What is the remainder when 260 is divided by 55?
40
Calculate the remainder when 357 is divided by 36.
33
Calculate the remainder when 406 is divided by 86.
62
What is the remainder when 128 is divided by 123?
5
Calculate the remainder when 2378 is divided by 16.
10
What is the remainder when 431 is divided by 48?
47
Calculate the remainder when 487 is divided by 72.
55
What is the remainder when 3600 is divided by 41?
33
Calculate the remainder when 381 is divided by 96.
93
What is the remainder when 1291 is divided by 423?
22
What is the remainder when 530 is divided by 173?
11
What is the remainder when 710 is divided by 183?
161
What is the remainder when 7274 is divided by 107?
105
Calculate the remainder when 12955 is divided by 79.
78
Calculate the remainder when 6566 is divided by 3277.
12
What is the remainder when 1292 is divided by 35?
32
What is the remainder when 13320 is divided by 31?
21
What is the remainder when 397 is divided by 67?
62
What is the remainder when 572 is divided by 32?
28
What is the remainder when 607 is divided by 15?
7
What is the remainder when 143 is divided by 18?
17
Calculate the remainder when 165 is divided by 17.
12
Calculate the remainder when 267 is divided by 39.
33
What is the remainder when 1633 is divided by 278?
243
What is the remainder when 510 is divided by 8?
6
Calculate the remainder when 193 is divided by 26.
11
What is the remainder when 452 is divided by 91?
88
Calculate the remainder when 911 is divided by 300.
11
What is the remainder when 70 is divided by 45?
25
What is the remainder when 97 is divided by 27?
16
What is the remainder when 477 is divided by 60?
57
Calculate the remainder when 3311 is divided by 36.
35
Calculate the remainder when 629 is divided by 79.
76
Calculate the remainder when 70 is divided by 30.
10
Calculate the remainder when 39 is divided by 37.
2
Calculate the remainder when 569 is divided by 19.
18
Calculate the remainder when 609 is divided by 61.
60
Calculate the remainder when 271 is divided by 67.
3
Calculate the remainder when 2447 is divided by 50.
47
Calculate the remainder when 92 is divided by 19.
16
Calculate the remainder when 8 is divided by 8.
0
Calculate the remainder when 2176 is divided by 60.
16
What is the remainder when 103 is divided by 22?
15
Calculate the remainder when 877 is divided by 16.
13
Calculate the remainder when 474 is divided by 437.
37
What is the remainder when 1862 is divided by 81?
80
What is the remainder when 982 is divided by 124?
114
Calculate the remainder when 31 is divided by 18.
13
Calculate the remainder when 1177 is divided by 31.
30
What is the remainder when 510 is divided by 498?
12
What is the remainder when 799 is divided by 25?
24
What is the remainder when 1240 is divided by 1227?
13
What is the remainder when 787 is divided by 113?
109
Calculate the remainder when 7190 is divided by 2391.
17
What is the remainder when 304 is divided by 9?
7
What is the remainder when 657 is divided by 30?
27
Calculate the remainder when 20535 is divided by 126.
123
What is the remainder when 65 is divided by 36?
29
What is the remainder when 239 is divided by 30?
29
Calculate the remainder when 134 is divided by 45.
44
What is the remainder when 1095 is divided by 1087?
8
What is the remainder when 1467 is divided by 45?
27
Calculate the remainder when 671 is divided by 388.
283
Calculate the remainder when 173 is divided by 94.
79
Calculate the remainder when 332 is divided by 150.
32
Calculate the remainder when 898 is divided by 112.
2
What is the remainder when 109 is divided by 33?
10
Calculate the remainder when 211 is divided by 53.
52
What is the remainder when 6970 is divided by 28?
26
What is the remainder when 133 is divided by 30?
13
Calculate the remainder when 150 is divided by 3.
0
Calculate the remainder when 477 is divided by 40.
37
Calculate the remainder when 243 is divided by 89.
65
What is the remainder when 102 is divided by 21?
18
Calculate the remainder when 192 is divided by 92.
8
Calculate the remainder when 458 is divided by 277.
181
What is the remainder when 120 is divided by 57?
6
What is the remainder when 194 is divided by 29?
20
What is the remainder when 3568 is divided by 105?
103
Calculate the remainder when 2223 is divided by 139.
138
What is the remainder when 228 is divided by 26?
20
What is the remainder when 1342 is divided by 24?
22
Calculate the remainder when 336 is divided by 72.
48
Calculate the remainder when 147 is divided by 91.
56
Calculate the remainder when 982 is divided by 478.
26
What is the remainder when 314 is divided by 113?
88
What is the remainder when 287 is divided by 135?
17
Calculate the remainder when 2377 is divided by 13.
11
What is the remainder when 641 is divided by 17?
12
Calculate the remainder when 429 is divided by 72.
69
What is the remainder when 200 is divided by 13?
5
What is the remainder when 286 is divided by 62?
38
What is the remainder when 21 is divided by 5?
1
Calculate the remainder when 1759 is divided by 80.
79
What is the remainder when 94 is divided by 23?
2
What is the remainder when 36 is divided by 13?
10
What is the remainder when 119 is divided by 58?
3
Calculate the remainder when 428 is divided by 31.
25
What is the remainder when 291 is divided by 49?
46
Calculate the remainder when 748 is divided by 25.
23
What is the remainder when 390 is divided by 125?
15
What is the remainder when 1743 is divided by 26?
1
What is the remainder when 115 is divided by 13?
11
What is the remainder when 785 is divided by 173?
93
Calculate the remainder when 333 is divided by 12.
9
What is the remainder when 449 is divided by 114?
107
What is the remainder when 70 is divided by 14?
0
Calculate the remainder when 11229 is divided by 39.
36
What is the remainder when 1117 is divided by 13?
12
What is the remainder when 809 is divided by 272?
265
Calculate the remainder when 150 is divided by 40.
30
What is the remainder when 2916 is divided by 17?
9
What is the remainder when 1700 is divided by 23?
21
Calculate the remainder when 33 is divided by 4.
1
What is the remainder when 1295 is divided by 72?
71
Calculate the remainder when 218 is divided by 20.
18
What is the remainder when 238 is divided by 24?
22
What is the remainder when 640 is divided by 16?
0
What is the remainder when 36 is divided by 31?
5
Calculate the remainder when 777 is divided by 26.
23
What is the remainder when 40 is divided by 32?
8
What is the remainder when 102 is divide